late the remainder when 376 is divided by 7.
5
What is the remainder when 335 is divided by 13?
10
What is the remainder when 886 is divided by 304?
278
Calculate the remainder when 235 is divided by 132.
103
What is the remainder when 107 is divided by 14?
9
What is the remainder when 85 is divided by 1?
0
Calculate the remainder when 152 is divided by 53.
46
Calculate the remainder when 234 is divided by 39.
0
Calculate the remainder when 207 is divided by 66.
9
What is the remainder when 100 is divided by 29?
13
What is the remainder when 18 is divided by 3?
0
Calculate the remainder when 21 is divided by 3.
0
What is the remainder when 37 is divided by 7?
2
Calculate the remainder when 583 is divided by 67.
47
What is the remainder when 26 is divided by 10?
6
Calculate the remainder when 159 is divided by 23.
21
Calculate the remainder when 193 is divided by 62.
7
Calculate the remainder when 6215 is divided by 84.
83
What is the remainder when 28922 is divided by 28?
26
Calculate the remainder when 19 is divided by 11.
8
Calculate the remainder when 2195 is divided by 18.
17
What is the remainder when 210 is divided by 29?
7
What is the remainder when 597 is divided by 60?
57
Calculate the remainder when 944 is divided by 138.
116
What is the remainder when 1961 is divided by 26?
11
Calculate the remainder when 841 is divided by 23.
13
What is the remainder when 602 is divided by 61?
53
Calculate the remainder when 22120 is divided by 16.
8
What is the remainder when 659 is divided by 2?
1
Calculate the remainder when 524 is divided by 24.
20
What is the remainder when 2844 is divided by 5?
4
Calculate the remainder when 529 is divided by 264.
1
What is the remainder when 22 is divided by 12?
10
What is the remainder when 163 is divided by 58?
47
What is the remainder when 194 is divided by 39?
38
What is the remainder when 83 is divided by 29?
25
Calculate the remainder when 137 is divided by 71.
66
Calculate the remainder when 2414 is divided by 161.
160
What is the remainder when 2179 is divided by 109?
108
Calculate the remainder when 1408 is divided by 10.
8
Calculate the remainder when 2191 is divided by 143.
46
What is the remainder when 704 is divided by 143?
132
Calculate the remainder when 434 is divided by 87.
86
Calculate the remainder when 818 is divided by 158.
28
Calculate the remainder when 100 is divided by 36.
28
What is the remainder when 834 is divided by 27?
24
Calculate the remainder when 603 is divided by 480.
123
What is the remainder when 89 is divided by 56?
33
Calculate the remainder when 737 is divided by 74.
71
Calculate the remainder when 421 is divided by 53.
50
Calculate the remainder when 85 is divided by 24.
13
Calculate the remainder when 846 is divided by 48.
30
Calculate the remainder when 42 is divided by 29.
13
What is the remainder when 121 is divided by 34?
19
Calculate the remainder when 10467 is divided by 29.
27
What is the remainder when 77 is divided by 32?
13
What is the remainder when 366 is divided by 62?
56
Calculate the remainder when 480 is divided by 97.
92
What is the remainder when 4684 is divided by 196?
176
Calculate the remainder when 207 is divided by 88.
31
What is the remainder when 394 is divided by 50?
44
What is the remainder when 27 is divided by 19?
8
Calculate the remainder when 424 is divided by 95.
44
Calculate the remainder when 2624 is divided by 35.
34
What is the remainder when 741 is divided by 31?
28
Calculate the remainder when 1662 is divided by 148.
34
What is the remainder when 96671 is divided by 424?
423
Calculate the remainder when 30 is divided by 15.
0
Calculate the remainder when 102 is divided by 18.
12
What is the remainder when 519 is divided by 88?
79
Calculate the remainder when 580 is divided by 75.
55
What is the remainder when 747 is divided by 68?
67
What is the remainder when 217 is divided by 115?
102
Calculate the remainder when 317 is divided by 32.
29
Calculate the remainder when 133 is divided by 10.
3
What is the remainder when 176 is divided by 45?
41
What is the remainder when 552 is divided by 74?
34
What is the remainder when 345 is divided by 90?
75
What is the remainder when 18536 is divided by 45?
41
What is the remainder when 248 is divided by 12?
8
Calculate the remainder when 159 is divided by 20.
19
What is the remainder when 4478 is divided by 28?
26
Calculate the remainder when 22319 is divided by 124.
123
What is the remainder when 63 is divided by 16?
15
Calculate the remainder when 1628 is divided by 270.
8
What is the remainder when 879 is divided by 155?
104
Calculate the remainder when 161 is divided by 51.
8
Calculate the remainder when 277 is divided by 14.
11
Calculate the remainder when 328 is divided by 7.
6
Calculate the remainder when 101 is divided by 24.
5
Calculate the remainder when 3273 is divided by 26.
23
Calculate the remainder when 78043 is divided by 121.
119
Calculate the remainder when 938 is divided by 25.
13
What is the remainder when 334 is divided by 32?
14
Calculate the remainder when 588 is divided by 153.
129
What is the remainder when 8804 is divided by 7?
5
Calculate the remainder when 1319 is divided by 49.
45
Calculate the remainder when 8446 is divided by 44.
42
What is the remainder when 501 is divided by 93?
36
Calculate the remainder when 815 is divided by 3.
2
Calculate the remainder when 226 is divided by 38.
36
Calculate the remainder when 279 is divided by 83.
30
What is the remainder when 1316 is divided by 30?
26
Calculate the remainder when 887 is divided by 866.
21
Calculate the remainder when 421 is divided by 138.
7
What is the remainder when 490 is divided by 26?
22
Calculate the remainder when 49584 is divided by 235.
234
What is the remainder when 951 is divided by 19?
1
What is the remainder when 87 is divided by 40?
7
Calculate the remainder when 3527 is divided by 4.
3
What is the remainder when 52 is divided by 18?
16
Calculate the remainder when 7449 is divided by 50.
49
Calculate the remainder when 1341 is divided by 14.
11
What is the remainder when 3527 is divided by 63?
62
Calculate the remainder when 3815 is divided by 9.
8
Calculate the remainder when 189 is divided by 12.
9
What is the remainder when 956 is divided by 235?
16
Calculate the remainder when 900 is divided by 33.
9
Calculate the remainder when 1779 is divided by 16.
3
Calculate the remainder when 194 is divided by 49.
47
What is the remainder when 487 is divided by 26?
19
Calculate the remainder when 3075 is divided by 81.
78
Calculate the remainder when 473 is divided by 34.
31
Calculate the remainder when 817 is divided by 127.
55
What is the remainder when 2527 is divided by 10?
7
Calculate the remainder when 1152 is divided by 3.
0
What is the remainder when 1631 is divided by 96?
95
What is the remainder when 96 is divided by 20?
16
Calculate the remainder when 256 is divided by 20.
16
Calculate the remainder when 2237 is divided by 56.
53
What is the remainder when 670 is divided by 21?
19
What is the remainder when 46 is divided by 28?
18
What is the remainder when 318 is divided by 107?
104
Calculate the remainder when 4373 is divided by 199.
194
Calculate the remainder when 5614 is divided by 74.
64
What is the remainder when 129 is divided by 44?
41
Calculate the remainder when 6637 is divided by 20.
17
Calculate the remainder when 626 is divided by 28.
10
Calculate the remainder when 206 is divided by 26.
24
Calculate the remainder when 51 is divided by 47.
4
Calculate the remainder when 1987 is divided by 83.
78
What is the remainder when 393 is divided by 22?
19
What is the remainder when 145 is divided by 55?
35
Calculate the remainder when 5999 is divided by 128.
111
Calculate the remainder when 202 is divided by 29.
28
What is the remainder when 19 is divided by 18?
1
What is the remainder when 211 is divided by 56?
43
Calculate the remainder when 122 is divided by 25.
22
Calculate the remainder when 7800 is divided by 29.
28
What is the remainder when 813 is divided by 74?
73
What is the remainder when 1096 is divided by 39?
4
Calculate the remainder when 329 is divided by 243.
86
Calculate the remainder when 124 is divided by 45.
34
What is the remainder when 1228 is divided by